s digit of y?
2
Suppose -1 = -2*h + h. What is the units digit of (3 + h - 1) + 21?
4
Let v = 755 - 511. What is the tens digit of v?
4
Let y(f) = f - 11. Let w be (2/2 - -8)*1. Let p be y(w). What is the units digit of (p - -3)*(6 + 1)?
7
Suppose 0 = -5*i + 4*i. Suppose -3*t + 0*t + 48 = i. What is the tens digit of t?
1
Suppose -5*s + 213 = -107. What is the tens digit of s?
6
Let x = -167 - -254. What is the units digit of x?
7
Suppose 0 = -58*v + 62*v - 696. What is the units digit of v?
4
Let i be ((-62)/(-6))/((-2)/6). Let c = i + 51. Suppose -2*s - c = -7*s. What is the units digit of s?
4
Let l(r) = 4*r + r**2 + 0*r**2 - 2 - 2*r. What is the units digit of l(-6)?
2
Let x = -2 - -4. Let w(g) be the third derivative of g**5/30 - g**4/12 + g**3/3 - g**2. What is the units digit of w(x)?
6
Let z = 105 - 70. What is the tens digit of z?
3
Let t(o) = -5*o - 1. Let f be t(3). What is the tens digit of 1*f/(-1) - 2?
1
Suppose 3 = 3*v - 6. Let r(b) = 8*b + 2 + 2*b**v - 3 - 3*b**3 - 8*b**2. What is the units digit of r(-9)?
8
Let q(m) = -23*m + 1. Let n be q(-1). Suppose 5*t - 30 = -5*d, -t = -6*d + d + n. What is the units digit of t?
1
What is the tens digit of 4/(-12) + (1142/6 - 0)?
9
Let b(p) = 11*p - 7. Let z be b(6). Let m = z - 26. What is the units digit of m?
3
Suppose -13*f = -17*f - 352. What is the units digit of (f/(-6))/(24/36)?
2
Let c be 48/(-26) - (-4)/(-26). Let v = c - -6. What is the tens digit of (-2 + -33)*v/(-10)?
1
Let n(w) = -w**3 - 7*w**2 - 5*w + 4. Let o be n(-6). Let b = o - -2. Let v = b - -7. What is the units digit of v?
7
Suppose 4*y - 276 + 24 = v, 3*v = -y + 50. Suppose 3*g = 5*p - 64, -5*p + g + 3*g = -y. What is the units digit of p?
4
Let t(m) = -14*m**2 + 2*m - 1. Let d be t(1). Let c = -8 - d. What is the units digit of c?
5
Suppose -4*t = 3*l - 53, l = -3*t - 2*t + 58. What is the units digit of t?
1
Let k(h) = -h - 9. Let u be k(-9). Let c = 2 - u. Let o = 5 + c. What is the units digit of o?
7
Suppose -5*z = -4*r - z + 4, 24 = 3*r + 4*z. Suppose r = 5*b - b. What is the units digit of 1/b + 0 - -2?
3
Suppose 2*z = -10 - 10. Let n = -7 - z. Suppose f = n*f - 22. What is the units digit of f?
1
Let s be 2/(-4) + (-2)/(-4). Let m = -29 + 35. Suppose 0 = 4*h - m*w + 2*w - 20, s = 4*h + 2*w - 8. What is the units digit of h?
3
Let w(q) = 6*q + 1. Let o(s) = -s**3 - 6*s**2 - 4*s + 1. Let t be o(-5). Let p = -3 - t. What is the units digit of w(p)?
7
Suppose 4*v + 6 = 7*v. What is the units digit of v?
2
Suppose 0 = -3*u - 0*u. Suppose 2*j - 26 = 4*f, -4*f + 0*f - 8 = u. What is the units digit of j?
9
Let a be 28/6*(-75)/10. Let j = a + 81. What is the units digit of j?
6
Let i = -17 - -17. Let z = -6 - -12. Suppose i = -3*w + w + z. What is the units digit of w?
3
Let m(l) = -4*l**3 + l**2 - 5*l - 5. What is the units digit of m(-2)?
1
Let z = 1 + -10. What is the tens digit of 132/9*z/(-6)?
2
Suppose 0 = 4*a - 9*a. Suppose a*z - z + 2*i = -13, -4*z + 3*i = -27. What is the units digit of z?
3
Suppose 0 = g + g. Let y(h) = -h**2 + h + 4. What is the units digit of y(g)?
4
Let d = 16 + -11. Suppose -i + 6 = d. What is the units digit of i?
1
What is the tens digit of 128/(-10)*5/(-2)?
3
Let y be (3 + -1 - 4) + 2. Suppose -n - 5*t + 22 = 0, -4*n + 19 = -y*t - 3*t. What is the units digit of n?
7
Suppose -2*f - y + 2*y = -72, 5*f - 154 = -4*y. What is the units digit of f?
4
Suppose 3*o - 12 = -4*s, 0 = o + 2*s + 3*s - 4. Suppose o = -0*j + j. Suppose -j*x + 9 + 15 = 0. What is the units digit of x?
6
Suppose 4*t + 161 = 3*l, 44 = 2*l - t - 55. Suppose -2*f + l = -9. What is the units digit of 2/(-4*(-2)/f)?
7
Let q(t) = -t + 1. What is the units digit of q(-3)?
4
Suppose -2*a - d + 68 = 11, -3*a + 87 = 2*d. What is the units digit of a/3 - 1/(-1)?
0
Suppose -6*i + 11*i - 25 = -5*o, -2*o = -3*i. What is the units digit of o?
3
Let z(q) = -q**2 - q + 2. Let g be z(0). Let j(l) = 3*l - 3. Let m be j(g). Suppose 0 = 2*r + m*r - 45. What is the units digit of r?
9
Let i = 10 - 46. Let w = -11 - i. What is the units digit of w?
5
What is the units digit of ((-48)/(-16))/((-1)/(-23))?
9
Let s = 141 - 55. What is the tens digit of s?
8
Let u(p) = -3*p + 9. Let w be u(7). Let f = w + 14. What is the units digit of f?
2
Suppose 6*c = 153 + 51. What is the units digit of c?
4
Suppose 0 = -7*j + 3*j + 1216. What is the tens digit of j?
0
Suppose 2*l = -2*l - 2*q + 46, 1 = -l + 2*q. Let m = l - 7. Suppose u + 6 = 2*v - m*u, 2*v + 5*u - 6 = 0. What is the units digit of v?
3
Let m(f) = 2*f**3 - 2*f**2 - 2*f + 2. Let x be m(2). What is the tens digit of (12/(-14))/(x/(-84))?
1
Let t be 0/(1*(0 - 1)). Suppose t = -2*a + 9 + 67. What is the units digit of a?
8
Let i = 3 + 0. Let x = 7 - i. Suppose -b - 11 = -c - 3*b, x*c - 2*b + 6 = 0. What is the units digit of c?
1
Let b = 5 - 4. Suppose 0 = -4*u + b + 3. What is the units digit of u?
1
Let k = 4 - 2. Suppose -3*v = k*v - 45. What is the units digit of v?
9
Suppose 5*x = 36 - 1. Suppose x*u - 4*u - 3 = 0, 4 = -4*h + 4*u. Suppose -4*v + 26 + 10 = h. What is the units digit of v?
9
Suppose 0 = -g - 5*p + 7, 0*p + 2*p = 4*g - 6. Suppose 5*a = 12 + 3. What is the units digit of (-2 + a)*(5 + g)?
7
Suppose 3*k + 93 - 30 = 0. Let a = 62 + k. Suppose 24 = 3*i + 3*g, 3*g - a = -5*i - g. What is the units digit of i?
9
Suppose 1 = -2*r + 5. Suppose 4*g - g - 6 = -u, r*g = -3*u + 25. What is the units digit of u?
9
Let i = 4 - -15. What is the tens digit of i?
1
Let m(q) = 5*q + 2. What is the units digit of m(5)?
7
Suppose u - 1 - 12 = 0. What is the units digit of u?
3
Suppose 4*n - 8 = -4*p, -4*n - p + 14 = -0. Suppose n*k + 4 + 4 = 0. What is the units digit of 1/(-1) - 4/k?
1
Let q(x) = 4*x - 6. Let u be q(4). Suppose -u = 2*h - 4*h. What is the units digit of h?
5
Let p = -12 - -30. Suppose p = 3*m - m. Suppose -5*w + m = -11. What is the units digit of w?
4
What is the tens digit of (72/(-27))/((-2)/9)?
1
Suppose 0 = 5*k - 6 - 14. Suppose 0*y + y - 31 = -k*t, -5*t + 2*y + 42 = 0. What is the units digit of t?
8
Suppose -14*n + 27*n - 1313 = 0. What is the hundreds digit of n?
1
Suppose 0 = -3*d + 132 + 15. Suppose 0*x - 5 = -x. Suppose -x*f = 9 - d. What is the units digit of f?
8
Suppose -205 = -3*g - 5*h, 3*g - 4*h - 252 = -g. Suppose g = 9*q - 4*q. What is the units digit of q?
3
Let u(l) = l**2 - l - 8. Let k be u(0). Let j = 15 + k. Suppose -1 = 4*c + d, 0 = 2*c + 4*d - j*d - 17. What is the units digit of c?
1
Suppose -3*h = h - 12. Suppose -h*v + 9 = -0. What is the tens digit of v + (3 - (-14)/2)?
1
Let w = 85 + -47. What is the units digit of w?
8
Suppose 3*k + 0*y - 913 = -2*y, -2*k + 607 = 3*y. Suppose -2*d + 31 = -k. What is the units digit of ((-1)/3)/((-8)/d)?
7
Suppose 7 - 10 = -g. Suppose 0 = g*m + m - 4. What is the units digit of m?
1
Suppose 0*c = 2*c. Suppose -3*p + 5*z + 4 = -p, 4*p - 4*z - 32 = c. What is the units digit of p?
2
Suppose 318 - 134 = 4*r. What is the units digit of r?
6
Let d = -17 - -214. What is the tens digit of d?
9
Let u(k) = k**2 + 2*k - 1. Let m be u(-3). Let y(n) = 4*n**2 - n + 1. Let l be y(m). What is the units digit of l*((-7)/(-3) - 2)?
5
Let g be 31/4 + 4/16. Suppose -f - 12 = -3*j + 22, g = j - 2*f. What is the tens digit of j?
1
Let d = 1 + -1. Let j be (-6)/(-3) - 8 - d. What is the units digit of j/(-4) - (-9)/6?
3
Let j be 14/(-63) + (-1138)/(-18). Suppose j = 5*n - 4*b, -2*n + 7*n + 4*b - 87 = 0. What is the units digit of n?
5
Let b be (-1)/(-1) - (-8)/4. Suppose -b*k + 12 = 0, -4*f + 2*f - 8 = -3*k. What is the units digit of f?
2
Let q(y) be the first derivative of y**4/4 - y**3/3 - 3*y**2/2 - 3*y - 2. Let t be q(3). Let a = t - 1. What is the units digit of a?
5
Let z(t) = t - 9. Let r = -6 - -15. Let g be z(r). Let n = 3 + g. What is the units digit of n?
3
Suppose -k - 11 = -63. Suppose -3*l = -6, -22 = -2*c - 3*l + k. What is the units digit of c?
4
Let v = -129 - -254. What is the units digit of v?
5
Let o(k) be the second derivative of k**4/2 + k**3/6 + k**2/2 + 2*k. Let r be o(-1). What is the units digit of (-4)/r - (-26)/3?
8
Suppose 5*y = u + 47, -2*y + 4*u - 2*u = -14. Let r = 17 - y. What is the units digit of r?
7
Let x(p) = 39*p + 18. What is the units digit of x(6)?
2
Suppose 23*y = 24*y - 61. What i